me number?
True
Is 256295529899 prime?
True
Is 570978157 prime?
False
Is 12033314567 prime?
True
Is 81834113293 prime?
True
Is 1536816809 composite?
True
Is 10938838237 prime?
False
Is 16841406667 a composite number?
True
Is 4411138883 composite?
False
Is 73274306509 a composite number?
True
Is 58514161687 composite?
True
Is 33483800509 prime?
True
Is 392859301 composite?
True
Is 4390701259 a prime number?
False
Is 1384023877 a composite number?
False
Is 161983763 a composite number?
True
Is 1138213469 prime?
False
Is 8984008349 prime?
True
Is 21028474759 composite?
False
Is 6113519707 prime?
False
Is 40030862251 a prime number?
False
Is 1645845283 a prime number?
True
Is 9097541809 composite?
False
Is 60435422681 a prime number?
True
Is 16288464037 prime?
True
Is 6926104397 a composite number?
False
Is 21225056198 composite?
True
Is 9635889343 a composite number?
False
Is 119327409719 a prime number?
False
Is 96530691247 a prime number?
True
Is 37013150623 a prime number?
True
Is 1712267429 composite?
False
Is 169705336831 a composite number?
False
Is 4016725721 prime?
True
Is 25466531903 a composite number?
False
Is 1197515699 composite?
False
Is 973487897 composite?
False
Is 375513451 a prime number?
True
Is 32869335449 a prime number?
True
Is 2334863819 composite?
True
Is 158000743 composite?
True
Is 26961913613 a composite number?
True
Is 660713489 a prime number?
True
Is 75110131 a prime number?
False
Is 382219661 a prime number?
True
Is 484613081 composite?
False
Is 14452566641 prime?
False
Is 1300328219 prime?
True
Is 833375887 a prime number?
False
Is 53258430437 composite?
False
Is 1045546907 a prime number?
True
Is 310788179 prime?
False
Is 20375632163 a composite number?
False
Is 357436283 a prime number?
True
Is 1787236489 a composite number?
False
Is 1236164107 composite?
False
Is 1312731241 a composite number?
False
Is 367477861 a composite number?
True
Is 5769649 a composite number?
False
Is 13907987857 a composite number?
False
Is 147680303303 composite?
True
Is 15309080123 prime?
False
Is 23673366187 composite?
False
Is 3139271189 prime?
True
Is 215841916657 prime?
False
Is 413179213 prime?
True
Is 266198588561 a prime number?
True
Is 3614462399 composite?
False
Is 9732721879 a prime number?
True
Is 239093809 composite?
True
Is 1499308697 a composite number?
True
Is 406122029 composite?
True
Is 239007509893 prime?
True
Is 17131613 prime?
False
Is 645009133 a composite number?
True
Is 34899346777 a composite number?
False
Is 114661532747 a prime number?
False
Is 151374791 prime?
False
Is 448501731437 a prime number?
False
Is 970348123 prime?
True
Is 106671779 a prime number?
True
Is 1096479119 prime?
True
Is 4805878907 composite?
False
Is 184903193561 composite?
False
Is 7970020637 composite?
False
Is 45498606143 a composite number?
True
Is 3370708267 composite?
False
Is 1574146081 composite?
False
Is 14419643179 composite?
False
Is 8376952601 a prime number?
False
Is 18990181729 a composite number?
False
Is 5881747511 a composite number?
False
Is 2863072327 composite?
False
Is 11924208631 a composite number?
True
Is 140053687 prime?
True
Is 468289513 a prime number?
False
Is 19881553789 a prime number?
False
Is 253402727 a prime number?
False
Is 19328887249 a composite number?
True
Is 12631784743 composite?
False
Is 37594801757 a composite number?
False
Is 6433260859 prime?
False
Is 2876243003 a prime number?
False
Is 420503221 a composite number?
True
Is 13913124521 prime?
False
Is 114134431889 prime?
True
Is 3501169313 prime?
False
Is 74763083 a composite number?
False
Is 36932042431 a prime number?
False
Is 6153628043 prime?
True
Is 165829361 a prime number?
False
Is 12260294857 a prime number?
True
Is 8648997823 a composite number?
False
Is 807935833 composite?
False
Is 35378596529 a prime number?
True
Is 2287541507 composite?
False
Is 3745775149 a prime number?
False
Is 15212211295 prime?
False
Is 25733620603 composite?
True
Is 11020831001 a composite number?
False
Is 4315194661 prime?
True
Is 139265632327 composite?
False
Is 2279635201 a prime number?
False
Is 72202297 prime?
True
Is 24668531567 composite?
False
Is 2520476501 a prime number?
False
Is 4027262969 a prime number?
False
Is 2070464443 a composite number?
False
Is 38668121 a prime number?
True
Is 4793467933 prime?
True
Is 77040724439 a prime number?
False
Is 6034768697 a prime number?
True
Is 5419235351 prime?
True
Is 81624163 a composite number?
False
Is 21262233 a composite number?
True
Is 3125952101 a composite number?
True
Is 62199119 a prime number?
True
Is 535218347 a composite number?
False
Is 26963444383 prime?
True
Is 254406871 composite?
False
Is 32815981 a composite number?
True
Is 146498862919 a prime number?
True
Is 111379548947 a prime number?
False
Is 53326779347 a prime number?
False
Is 863663821 a prime number?
False
Is 1969043513 a prime number?
False
Is 4381195841 composite?
True
Is 1697757367 a prime number?
False
Is 61266596029 a prime number?
True
Is 1069035023 composite?
True
Is 129861395623 a composite number?
True
Is 9747489391 a prime number?
True
Is 868555169 prime?
False
Is 325974889 a composite number?
True
Is 144387623 a prime number?
True
Is 666172709 composite?
True
Is 143208259 prime?
True
Is 73577033 prime?
False
Is 438141953 a composite number?
False
Is 3592069879 composite?
False
Is 81935891735 composite?
True
Is 190930957 a prime number?
False
Is 910652339 a prime number?
True
Is 1202372137 a composite number?
True
Is 112553641 a composite number?
False
Is 2388207239 prime?
False
Is 6567196819 prime?
False
Is 913994399 a composite number?
False
Is 2731242541 prime?
True
Is 510068033 a composite number?
True
Is 1266535822 a prime number?
False
Is 4200005434 composite?
True
Is 4720533991 a prime number?
True
Is 1540863851 composite?
False
Is 1653884501 a composite number?
True
Is 2061665027 composite?
False
Is 1993099811 a composite number?
False
Is 1045433839 a composite number?
True
Is 1112862271 a composite number?
True
Is 458008037 prime?
True
Is 340541405 composite?
True
Is 2131760363 composite?
True
Is 19218747403 composite?
True
Is 8886477247 prime?
True
Is 1343025707 composite?
True
Is 384204467 a prime number?
True
Is 731552963 a prime number?
False
Is 2947934291 composite?
False
Is 7710186031 a composite number?
False
Is 400212847 composite?
True
Is 4984796379 prime?
False
Is 22051009231 a prime number?
True
Is 42890659909 a composite number?
False
Is 70373090631 a composite number?
True
Is 451333037 prime?
False
Is 11374943 a composite number?
False
Is 83300157161 a composite number?
True
Is 5856666373 a prime number?
False
Is 3222282905 a prime number?
False
Is 43693038871 composite?
True
Is 33940267483 a composite number?
True
Is 993041029 a composite number?
True
Is 19066460273 composite?
True
Is 1427542349 a prime number?
True
Is 25371068869 prime?
False
Is 249920779 a composite number?
False
Is 93415865579 a composite number?
True
Is 9673575923 a composite number?
True
Is 3202080709 composite?
True
Is 7579305649 a composite number?
False
Is 2638535411 a prime number?
False
Is 1228157389 a composite number?
True
Is 30935873 prime?
True
Is 436821797 composite?
False
Is 2194143037 prime?
True
Is 2640673247 a prime number?
True
Is 5288825701 a composite number?
True
Is 29959208011 a prime number?
True
Is 1305169777 a prime number?
True
Is 6291127807 a composite number?
False
Is 45510431 prime?
True
Is 36126650033 a prime number?
False
Is 94639877873 a prime number?
True
Is 333609331 prime?
False
Is 1797040711 composite?
True
Is 9152307665 a prime number?
False
Is 86244113801 a composite number?
False
Is 132761679097 composite?
True
Is 2612950763 composite?
False
Is 30001267 a composite number?
False
Is 120268685681 prime?
False
Is 7436389063 a composite number?
True
Is 73096739 prime?
True
Is 53757245833 composite?
False
Is 1868277377 a composite number?
False
Is 3748929221 composite?
False
Is 13691953243 prime?
False
Is 525933911 prime?
True
Is 14851936471 a composite number?
False
Is 4422610421 composite?
False
Is 269319221 a composite number?
True
Is 19233194263 composite?
True
Is 10979614357 prime?
False
Is 8412803027 composite?
True
Is 10762161859 a prime number?
False
Is 108981519739 a prime number?
Fa